NOAA-Style Climate Reports
Select a Year or Month report
Report for 2024 Apr Monthly Climatological Summary for Apr 2024 Name: North Bayswater Weather City: Bayswater State: Victoria Elevation: 114 m Lat: S 37° 49' 25" Lon: E 145° 17' 47" Temperature (°C), Rain (mm), Wind Speed (km/h) Heat Cool Avg Mean Deg Deg Wind Dom Day Temp High Time Low Time Days Days Rain Speed High Time Dir ---------------------------------------------------------------------------------- 1 19.5 27.2 12:11 15.1 07:21 0.8 2.0 64.8 5.5 23.4 14:22 NE 2 15.4 20.1 14:10 11.8 04:08 3.1 0.2 4.7 3.3 28.1 16:40 WSW 3 12.5 16.5 14:08 8.1 06:18 5.8 0.0 3.1 0.9 12.6 10:57 SW 4 14.5 19.6 13:20 -6.0 17:29 4.0 0.2 0.0 2.9 20.9 17:44 SSE 5 17.9 23.3 16:23 11.4 09:00 1.4 0.9 0.0 2.9 19.8 00:29 SSW 6 17.5 20.4 14:44 15.3 09:00 1.2 0.4 4.1 1.0 9.7 14:09 SW 7 16.9 20.4 14:54 14.0 06:19 1.7 0.3 10.4 1.3 8.6 12:39 SSW 8 14.8 20.0 14:02 11.0 05:37 3.7 0.2 42.5 1.5 14.8 16:57 WSW 9 13.8 16.8 14:50 12.3 23:28 4.5 0.0 3.1 2.5 22.7 15:37 SW 10 14.8 17.1 13:32 13.6 09:00 3.5 0.0 4.7 3.8 7.6 09:43 W 11 13.6 18.2 14:44 8.9 04:05 4.7 0.0 0.0 3.8 2.9 09:00 W 12 13.6 16.5 15:33 10.7 05:35 4.7 0.0 1.0 0.7 10.8 12:12 W 13 12.9 18.6 14:19 8.3 06:11 5.4 0.0 0.0 0.9 93.2 21:11 W 14 13.8 20.0 14:30 8.9 06:32 4.7 0.2 0.0 1.2 13.3 14:17 WSW 15 15.4 20.9 14:36 11.3 05:57 3.3 0.4 0.0 1.4 8.3 09:04 WNW 16 14.2 18.5 14:25 9.9 06:16 4.1 0.0 0.0 1.0 9.7 15:12 SW ---------------------------------------------------------------------------------- 15.1 27.2 1 -6.0 4 56.6 4.8 138.4 2.2 93.2 13 WSW Max >= 40.0: 0 Max <= 18.0: 4 Min <= 18.0: 16 Min <= 10.0: 6 Max Rain: 64.8 on day 1 Days of Rain: 9 (>= 0.2 mm) 8 (>= 2.0 mm) 2 (>= 20.0 mm) Heat Base: 18.3 Cool Base: 18.3 Method: Integration |