NOAA-Style Climate Reports
Select a Year or Month report
Report for 2012 Mar Monthly Climatological Summary for Mar 2012 Name: North Bayswater Weather City: State: Elevation: 114 m Lat: S 37° 49' 25" Lon: E 145° 17' 47" Temperature (°C), Rain (mm), Wind Speed (km/h) Heat Cool Avg Mean Deg Deg Wind Dom Day Temp High Time Low Time Days Days Rain Speed High Time Dir ---------------------------------------------------------------------------------- 1 17.8 21.5 14:44 15.6 04:46 1.1 0.6 0.0 4.1 32.8 08:52 SSE 2 19.7 23.9 15:33 17.3 09:00 0.3 1.7 0.0 5.4 21.6 00:37 ESE 3 18.3 19.4 16:47 17.4 09:00 0.2 0.2 13.5 0.7 7.9 05:25 N 4 19.9 24.6 14:40 15.8 06:03 0.7 2.3 1.0 2.2 20.9 17:33 WSW 5 17.8 20.9 16:34 15.3 06:25 1.1 0.5 2.6 3.8 20.5 14:37 SW 6 16.7 19.9 14:45 13.8 06:46 1.8 0.2 1.6 2.5 20.9 06:05 S 7 17.5 21.6 13:35 14.7 06:37 1.4 0.6 0.0 4.3 20.9 16:20 SSE 8 18.6 22.1 15:47 16.4 04:17 0.6 0.9 0.0 3.9 19.4 12:24 S 9 19.4 24.5 17:16 15.3 06:54 0.7 1.9 2.6 2.4 19.1 16:16 SW 10 16.1 21.9 14:26 11.6 03:38 2.9 0.7 0.0 1.9 13.7 17:26 SSE 11 16.6 22.4 15:20 11.9 06:52 2.6 0.9 0.0 2.7 19.8 18:16 SSW 12 18.8 25.2 16:55 13.2 06:07 1.6 2.1 0.0 1.7 13.3 10:34 SSW 13 22.7 30.5 16:47 15.6 09:00 0.2 4.7 0.0 2.7 20.2 15:41 NNE 14 25.2 31.8 14:10 21.3 09:00 0.0 6.9 0.0 6.1 34.6 20:41 NE 15 23.0 29.1 14:34 19.9 08:25 0.0 4.7 16.6 6.5 28.1 00:27 NE 16 18.2 23.1 15:46 13.3 07:33 1.1 1.1 2.6 3.4 17.3 10:37 SW 17 16.4 21.2 16:28 11.4 07:51 2.6 0.7 0.0 2.3 21.6 15:15 SW 18 17.4 23.1 15:51 12.5 05:58 2.1 1.2 0.0 1.9 14.4 14:19 SE 19 21.4 28.2 15:45 15.3 09:00 0.5 3.6 0.0 2.3 15.5 11:50 NE 20 24.9 29.1 16:48 18.8 09:00 0.0 6.6 0.0 9.5 35.6 11:06 NNE 21 14.8 23.6 09:00 11.1 05:27 3.6 0.1 6.7 7.6 33.1 09:32 WSW 22 16.7 20.5 15:48 12.6 09:00 2.1 0.5 0.0 1.6 19.4 06:43 WSW 23 13.3 16.9 14:24 11.9 00:43 5.0 0.0 1.0 7.3 33.8 13:54 WSW 24 15.0 17.8 15:11 13.1 07:34 3.3 0.0 0.5 3.7 25.2 13:11 SW 25 13.8 19.0 16:10 8.5 06:31 4.6 0.0 0.0 1.0 14.0 17:48 SW 26 15.3 20.5 16:42 9.9 09:00 3.3 0.2 0.0 1.4 11.9 11:54 S 27 16.6 20.9 15:49 12.4 09:00 2.1 0.4 0.0 1.8 13.7 11:45 S 28 16.9 23.2 16:14 11.9 06:50 2.6 1.2 0.0 1.7 14.8 11:55 N 29 19.7 26.0 15:00 14.1 06:59 1.2 2.6 0.0 1.7 13.3 15:32 NNE 30 22.8 28.2 14:46 15.3 09:00 0.1 4.3 0.0 4.3 27.0 08:39 NE 31 20.9 28.6 12:41 15.9 06:51 0.4 3.1 0.0 7.9 36.0 11:58 NE ---------------------------------------------------------------------------------- 18.5 31.8 14 8.5 25 49.8 54.5 48.7 3.6 36.0 31 S Max >= 27.0: 7 Max <= 0.0: 0 Min <= 0.0: 0 Min <= -18.0: 0 Max Rain: 16.6 on day 15 Days of Rain: 10 (>= 0.2 mm) 6 (>= 2.0 mm) 0 (>= 20.0 mm) Heat Base: 18.3 Cool Base: 18.3 Method: Integration |