NOAA-Style Climate Reports
Select a Year or Month report
Report for 2015 Nov Monthly Climatological Summary for Nov 2015 Name: North Bayswater Weather City: State: Elevation: 114 m Lat: S 37° 49' 25" Lon: E 145° 17' 47" Temperature (°C), Rain (mm), Wind Speed (km/h) Heat Cool Avg Mean Deg Deg Wind Dom Day Temp High Time Low Time Days Days Rain Speed High Time Dir ---------------------------------------------------------------------------------- 1 19.2 27.2 14:15 14.5 03:55 1.5 2.3 1.0 3.1 32.4 09:43 N 2 12.9 17.1 14:16 7.4 06:03 5.4 0.0 1.0 1.5 13.3 16:27 SSW 3 16.8 23.1 16:01 10.7 05:55 2.6 1.0 0.0 1.8 22.7 14:11 SSW 4 22.4 29.8 15:14 15.8 09:00 0.1 4.1 9.3 2.3 16.2 17:04 ENE 5 19.8 23.8 18:22 17.5 04:54 0.1 1.7 17.6 1.2 13.7 14:33 NE 6 15.0 18.0 09:00 11.9 07:17 3.3 0.0 1.0 3.1 23.0 23:08 WSW 7 13.0 18.5 14:44 6.9 06:37 5.3 0.0 0.0 3.2 25.2 15:19 SW 8 18.4 25.5 16:02 12.4 05:44 1.9 2.0 0.0 1.6 13.7 08:50 ENE 9 24.4 33.6 15:54 15.9 08:49 0.4 6.4 0.0 5.2 26.6 11:12 NE 10 13.7 17.4 12:53 11.6 06:44 4.6 0.0 2.1 1.9 34.2 16:23 SSW 11 17.2 23.5 16:20 12.9 05:43 2.0 1.0 0.0 1.4 13.3 17:45 W 12 19.2 26.4 14:59 14.3 06:43 1.4 2.4 0.0 2.6 29.2 16:57 SW 13 15.4 20.9 14:22 10.1 06:27 3.3 0.4 0.5 3.1 22.7 16:09 SSW 14 15.9 19.9 13:10 11.8 05:31 2.6 0.2 0.0 2.6 16.9 10:10 SW 15 17.7 23.8 15:22 12.1 02:34 1.9 1.4 0.0 3.5 20.9 14:13 SW 16 22.7 29.6 14:40 16.4 03:17 0.2 4.6 0.0 3.2 34.2 16:12 NE 17 22.3 33.3 14:47 11.8 04:52 1.4 5.4 0.0 4.1 32.8 15:12 NNW 18 25.3 30.9 15:39 17.3 09:00 0.0 7.0 0.0 3.5 19.1 08:35 NE 19 22.7 31.8 12:05 15.7 05:45 0.5 4.9 0.0 2.8 17.6 09:24 SW 20 16.1 21.6 12:12 12.7 05:35 2.6 0.5 4.1 2.4 20.9 01:25 WSW 21 15.7 19.8 17:48 13.1 06:11 2.7 0.2 0.0 3.9 21.6 15:23 SW 22 17.5 22.8 17:21 12.9 00:14 2.0 1.3 0.0 2.6 15.8 15:56 WSW 23 17.0 23.3 15:12 11.0 05:37 2.4 1.1 0.0 2.9 20.9 15:29 WSW 24 19.8 27.6 17:13 13.3 05:14 1.4 2.9 0.0 3.1 24.8 08:16 NW 25 23.9 31.6 16:29 11.3 07:32 1.2 6.8 1.6 10.8 36.0 20:41 NW 27 13.6 18.4 15:36 7.4 05:53 8.5 0.0 0.0 2.1 34.9 16:00 WSW 28 17.5 23.3 16:35 12.9 06:23 2.0 1.2 0.0 3.0 22.0 15:00 SW 29 16.7 23.5 15:12 9.6 05:41 2.8 1.2 0.0 2.5 16.9 08:33 SW 30 24.2 32.9 16:36 15.4 05:48 0.5 5.5 1.0 7.8 37.8 19:30 NNE ---------------------------------------------------------------------------------- 18.5 33.6 9 6.9 7 64.6 65.5 39.2 3.2 37.8 30 W Max >= 27.0: 10 Max <= 0.0: 0 Min <= 0.0: 0 Min <= -18.0: 0 Max Rain: 17.6 on day 5 Days of Rain: 10 (>= 0.2 mm) 4 (>= 2.0 mm) 0 (>= 20.0 mm) Heat Base: 18.3 Cool Base: 18.3 Method: Integration |