NOAA-Style Climate Reports
Select a Year or Month report
Report for 2018 Nov Monthly Climatological Summary for Nov 2018 Name: North Bayswater Weather City: State: Elevation: 114 m Lat: S 37° 49' 25" Lon: E 145° 17' 47" Temperature (°C), Rain (mm), Wind Speed (km/h) Heat Cool Avg Mean Deg Deg Wind Dom Day Temp High Time Low Time Days Days Rain Speed High Time Dir ---------------------------------------------------------------------------------- 1 25.6 31.4 15:11 15.8 09:00 0.1 7.3 0.0 4.4 28.4 13:41 ENE 2 19.3 30.1 15:14 12.5 04:11 1.8 2.8 2.6 7.3 34.2 16:05 NW 3 15.5 20.9 14:32 9.0 06:36 3.4 0.5 0.0 4.0 27.7 15:17 W 4 18.5 25.3 16:01 14.9 09:00 1.3 1.5 2.1 2.8 16.6 15:16 N 5 21.2 27.9 17:53 16.3 07:31 0.4 3.3 6.2 3.1 21.6 17:21 N 6 16.0 22.2 15:55 10.7 06:37 2.8 0.4 29.5 1.5 16.2 18:20 W 7 11.5 17.9 13:50 7.2 03:32 6.8 0.0 9.3 2.7 24.5 17:02 W 8 12.9 17.9 13:42 7.6 05:55 5.4 0.0 0.0 2.0 16.9 11:57 W 9 13.9 20.9 17:01 8.1 05:11 4.7 0.2 0.5 1.6 19.4 18:48 N 10 15.7 22.1 16:34 8.5 06:34 3.5 0.9 0.0 2.0 16.2 13:43 SW 11 16.9 24.1 16:33 9.8 05:59 2.9 1.5 0.0 2.3 17.6 14:55 WSW 12 24.2 29.3 16:55 18.2 09:00 0.0 5.9 0.0 5.4 23.0 11:48 ENE 13 23.1 30.7 16:01 16.2 08:13 0.3 5.1 2.6 7.2 39.2 19:00 ENE 14 15.4 19.6 14:15 12.3 06:44 2.9 0.1 0.0 1.8 19.4 15:04 SW 15 14.1 19.9 14:31 7.8 05:50 4.8 0.3 0.0 3.5 18.0 21:37 S 16 14.9 21.8 15:15 7.9 05:30 4.2 0.8 0.0 2.7 40.3 04:16 SW 17 16.3 22.9 14:48 9.1 06:03 3.6 1.4 0.0 3.8 23.0 14:19 SW 18 20.4 28.4 16:45 12.3 09:13 1.3 3.5 0.0 2.7 15.8 17:07 ESE 19 25.6 31.6 16:03 21.6 03:08 0.0 7.3 0.0 7.2 29.9 07:31 ENE 20 20.0 27.4 12:31 13.3 06:02 1.3 2.9 19.7 5.2 31.7 12:24 NE 21 15.8 23.3 15:21 9.9 04:38 3.7 1.2 13.5 4.2 22.0 17:31 NE 22 13.4 18.6 14:08 9.9 05:21 4.9 0.0 20.7 6.5 31.7 21:22 W 23 12.2 13.2 17:33 10.4 09:00 6.1 0.0 14.0 5.4 23.4 12:31 W 24 14.2 17.1 18:16 12.4 09:00 4.1 0.0 3.1 2.5 20.5 10:16 WSW 25 14.2 19.6 18:40 9.3 05:53 4.2 0.0 0.0 1.9 14.4 11:47 WSW 26 16.0 22.3 16:57 12.3 00:57 2.8 0.6 0.0 1.6 14.8 17:53 WSW 27 17.9 24.2 15:22 13.9 06:15 1.6 1.2 0.0 3.5 24.5 18:26 SSW 28 18.1 23.3 14:21 13.6 04:38 1.7 1.5 0.0 4.8 26.3 14:28 SSW 29 17.4 22.5 16:05 13.6 06:30 1.9 0.9 0.0 3.1 22.3 14:01 WSW 30 16.5 23.8 15:12 9.4 05:27 3.1 1.3 0.0 2.5 20.2 18:32 SW ---------------------------------------------------------------------------------- 17.2 31.6 19 7.2 7 85.6 52.4 123.8 3.6 40.3 16 WNW Max >= 27.0: 8 Max <= 0.0: 0 Min <= 0.0: 0 Min <= -18.0: 0 Max Rain: 29.5 on day 6 Days of Rain: 12 (>= 0.2 mm) 11 (>= 2.0 mm) 2 (>= 20.0 mm) Heat Base: 18.3 Cool Base: 18.3 Method: Integration |